{"version":"1.0","provider_name":"Le petit septi\u00e8me","provider_url":"https:\/\/lepetitseptieme.ca\/en\/","author_name":"Denis Lambert","author_url":"https:\/\/lepetitseptieme.ca\/en\/author\/denis\/","title":"When Arabs Danced \u2013 The Fear of Silence - Le petit septi\u00e8me","type":"rich","width":600,"height":338,"html":"<blockquote class=\"wp-embedded-content\" data-secret=\"bR7cwJHVrX\"><a href=\"https:\/\/lepetitseptieme.ca\/en\/2019\/03\/19\/when-arabs-danced-the-fear-of-silence\/\">When Arabs Danced \u2013 The Fear of Silence<\/a><\/blockquote><iframe sandbox=\"allow-scripts\" security=\"restricted\" src=\"https:\/\/lepetitseptieme.ca\/en\/2019\/03\/19\/when-arabs-danced-the-fear-of-silence\/embed\/#?secret=bR7cwJHVrX\" width=\"600\" height=\"338\" title=\"&#8220;When Arabs Danced \u2013 The Fear of Silence&#8221; &#8212; Le petit septi\u00e8me\" data-secret=\"bR7cwJHVrX\" frameborder=\"0\" marginwidth=\"0\" marginheight=\"0\" scrolling=\"no\" class=\"wp-embedded-content\"><\/iframe><script>\n\/*! This file is auto-generated *\/\n!function(d,l){\"use strict\";l.querySelector&&d.addEventListener&&\"undefined\"!=typeof URL&&(d.wp=d.wp||{},d.wp.receiveEmbedMessage||(d.wp.receiveEmbedMessage=function(e){var t=e.data;if((t||t.secret||t.message||t.value)&&!\/[^a-zA-Z0-9]\/.test(t.secret)){for(var s,r,n,a=l.querySelectorAll('iframe[data-secret=\"'+t.secret+'\"]'),o=l.querySelectorAll('blockquote[data-secret=\"'+t.secret+'\"]'),c=new RegExp(\"^https?:$\",\"i\"),i=0;i<o.length;i++)o[i].style.display=\"none\";for(i=0;i<a.length;i++)s=a[i],e.source===s.contentWindow&&(s.removeAttribute(\"style\"),\"height\"===t.message?(1e3<(r=parseInt(t.value,10))?r=1e3:~~r<200&&(r=200),s.height=r):\"link\"===t.message&&(r=new URL(s.getAttribute(\"src\")),n=new URL(t.value),c.test(n.protocol))&&n.host===r.host&&l.activeElement===s&&(d.top.location.href=t.value))}},d.addEventListener(\"message\",d.wp.receiveEmbedMessage,!1),l.addEventListener(\"DOMContentLoaded\",function(){for(var e,t,s=l.querySelectorAll(\"iframe.wp-embedded-content\"),r=0;r<s.length;r++)(t=(e=s[r]).getAttribute(\"data-secret\"))||(t=Math.random().toString(36).substring(2,12),e.src+=\"#?secret=\"+t,e.setAttribute(\"data-secret\",t)),e.contentWindow.postMessage({message:\"ready\",secret:t},\"*\")},!1)))}(window,document);\n\/\/# sourceURL=https:\/\/lepetitseptieme.ca\/wp-includes\/js\/wp-embed.min.js\n<\/script>\n","thumbnail_url":"https:\/\/lepetitseptieme.ca\/wp-content\/uploads\/2019\/03\/Au-temps-ou-les-arabes-dansaient-une-Farah_Bakkali_dancing.jpg","thumbnail_width":1920,"thumbnail_height":1080,"description":"Le documentaire de Jawad Rhalib Au temps o\u00f9 les Arabes dansaient pose un regard \u00e9clair\u00e9 sur le combat que doivent mener les femmes et les artistes dans des soci\u00e9t\u00e9s aux prises avec le fondamentalisme."}

Le petit septième

When Arabs Danced – The Fear of Silence - Le petit septième

<blockquote class="wp-embedded-content" data-secret="bR7cwJHVrX"><a href="https://lepetitseptieme.ca/en/2019/03/19/when-arabs-danced-the-fear-of-silence/">When Arabs Danced – The Fear of Silence</a></blockquote><iframe sandbox="allow-scripts" security="restricted" src="https://lepetitseptieme.ca/en/2019/03/19/when-arabs-danced-the-fear-of-silence/embed/#?secret=bR7cwJHVrX" width="600" height="338" title="&#8220;When Arabs Danced – The Fear of Silence&#8221; &#8212; Le petit septième" data-secret="bR7cwJHVrX" frameborder="0" marginwidth="0" marginheight="0" scrolling="no" class="wp-embedded-content"></iframe><script>
/*! This file is auto-generated */
!function(d,l){"use strict";l.querySelector&&d.addEventListener&&"undefined"!=typeof URL&&(d.wp=d.wp||{},d.wp.receiveEmbedMessage||(d.wp.receiveEmbedMessage=function(e){var t=e.data;if((t||t.secret||t.message||t.value)&&!/[^a-zA-Z0-9]/.test(t.secret)){for(var s,r,n,a=l.querySelectorAll('iframe[data-secret="'+t.secret+'"]'),o=l.querySelectorAll('blockquote[data-secret="'+t.secret+'"]'),c=new RegExp("^https?:$","i"),i=0;i<o.length;i++)o[i].style.display="none";for(i=0;i<a.length;i++)s=a[i],e.source===s.contentWindow&&(s.removeAttribute("style"),"height"===t.message?(1e3<(r=parseInt(t.value,10))?r=1e3:~~r<200&&(r=200),s.height=r):"link"===t.message&&(r=new URL(s.getAttribute("src")),n=new URL(t.value),c.test(n.protocol))&&n.host===r.host&&l.activeElement===s&&(d.top.location.href=t.value))}},d.addEventListener("message",d.wp.receiveEmbedMessage,!1),l.addEventListener("DOMContentLoaded",function(){for(var e,t,s=l.querySelectorAll("iframe.wp-embedded-content"),r=0;r<s.length;r++)(t=(e=s[r]).getAttribute("data-secret"))||(t=Math.random().toString(36).substring(2,12),e.src+="#?secret="+t,e.setAttribute("data-secret",t)),e.contentWindow.postMessage({message:"ready",secret:t},"*")},!1)))}(window,document);
//# sourceURL=https://lepetitseptieme.ca/wp-includes/js/wp-embed.min.js
</script>

Le documentaire de Jawad Rhalib Au temps où les Arabes dansaient pose un regard éclairé sur le combat que doivent mener les femmes et les artistes dans des sociétés aux prises avec le fondamentalisme.
